m + 48. List the prime factors of o.
23
Let f = -1011 - -923. Suppose 40 = -4*r - 32. Let d = r - f. List the prime factors of d.
2, 5, 7
Let g = 1 - 1. Let x be (-136)/(-120) - (-2)/(-15) - -2. Suppose 2*n + n = 4*q + 134, x*q + 15 = g. What are the prime factors of n?
2, 19
Suppose -174200 = -133*y + 327742. What are the prime factors of y?
2, 3, 17, 37
Let l(s) = -487*s - 1745. List the prime factors of l(-5).
2, 3, 5, 23
Suppose -4*o + 4 = 5*p, 3*p + o + 4 = 5. Suppose p = -t - 22 + 28. Suppose t*y = 3*y + 132. What are the prime factors of y?
2, 11
Let p(g) be the first derivative of g**4/4 - 7*g**2 + 49*g - 126. List the prime factors of p(3).
2, 17
Suppose 5*s = -5*f - 205, -3*s - 4*f - 179 = -56. Let g = s - -762. List the prime factors of g.
7, 103
Let f(g) be the third derivative of -59*g**4/12 - 16*g**3 + 21*g**2. What are the prime factors of f(-9)?
2, 3, 7, 23
Suppose 16*p = 2*p - 784. Let h = 84 - p. List the prime factors of h.
2, 5, 7
Let a(s) = -s**2 - 1. Let f(i) = 18*i**2 - 7*i + 42. Let r(m) = 3*a(m) + f(m). What are the prime factors of r(4)?
251
What are the prime factors of -3*9/((-135)/73955)?
7, 2113
Let z(l) = -4*l + 6. Let w be z(0). Let a be (-2)/(w + -4)*119. List the prime factors of 1*24*a/(-51).
2, 7
Let c(a) = -24*a - a**3 + 12 + 117*a + 26*a**2 - 52. List the prime factors of c(27).
2, 13, 67
Suppose -249*o = v - 253*o - 60730, 4*v + 3*o - 242901 = 0. What are the prime factors of v?
2, 3, 29, 349
Let z = 47 - 21. Let j be -6 + (-24)/(-2 + (-77)/(-35)). Let l = z - j. List the prime factors of l.
2, 19
List the prime factors of 15909 + ((-19)/114)/((-2)/84).
2, 23, 173
Suppose -2*a - 10 = 5*z - 30, 8 = 2*z + 2*a. Let d(q) = 15*q**3 - 9*q**2 + 3*q + 8. What are the prime factors of d(z)?
2, 11, 19
Let s(f) = f**3 - 13*f**2 - 15*f + 15. Let l be s(14). Let w be (280/56)/(l/13*1). Let c = 96 - w. List the prime factors of c.
31
Let p be 36/8*6/9 - -3. Let b(c) = c**2 - 7*c + 10. Let w be b(p). Suppose 5*v + 2*q - 225 = 2*v, 0 = -v + w*q + 89. What are the prime factors of v?
7, 11
Let i = -167 - -177. What are the prime factors of 1392/i - 6/30?
139
Suppose 5*r = -4*f + 646, 0 = 5*f - 6*f + 3*r + 153. List the prime factors of f.
3, 53
Let w(g) = -g**3 + 34*g**2 - 12*g - 133. Let l be w(33). Let r = l + 373. What are the prime factors of r?
3, 311
Suppose x - 8598 = 1806 - 593. List the prime factors of x.
9811
Let h(l) = l**2 + 6*l - 1. Let y be h(5). Let p = -11 + y. What are the prime factors of p?
43
Let g = 26426 - -22585. What are the prime factors of g?
3, 17, 31
Suppose 8*w + 26 = -5*w. What are the prime factors of (84/21 + (-57)/w)*4?
2, 5, 13
Let j(u) be the second derivative of u**5/10 - u**4/4 - u**3 + 3*u**2/2 + 2*u. Suppose 6*b - 33 = -3. List the prime factors of j(b).
2, 37
Suppose 229*a - 17712 = -i + 227*a, 4*a = 3*i - 53186. What are the prime factors of i?
2, 8861
Suppose 0 = -8*c - 1049 + 6481. Suppose -9*y + 2705 + c = 0. What are the prime factors of y?
2, 47
Let s(m) = 415*m**2 + 950*m - 36. List the prime factors of s(-11).
3, 17, 19, 41
Suppose -7*c + 9 = 2*u - 10*c, 3*c = 5*u - 18. Suppose k + 6*i = 2*i + 1129, 5*k - u*i = 5576. List the prime factors of k.
1117
List the prime factors of (-228 + 1)/((-1176)/(-296) + (15 - 19)).
37, 227
Suppose 12*m - 5 - 67 = 0. Let r(k) = 43*k**2 + 84*k - 541. List the prime factors of r(m).
1511
Suppose -9770 = -5*j + 4*y, -3*j + 5*y + 5033 = -842. What are the prime factors of j?
2, 3, 5, 13
Let c = 218 + -420. Let f = 152 - c. What are the prime factors of f?
2, 3, 59
Suppose 40 = 6*v - 5*v. What are the prime factors of v/16*(-1524)/(-15)?
2, 127
Suppose 3*k = 5*l - 76229, -133*l - 60979 = -137*l + 3*k. List the prime factors of l.
2, 5, 61
Let r be 17/1 + 27/(1 + 8). Suppose r*s + 3*s - 15824 = 0. List the prime factors of s.
2, 43
Let y = 10699 - 7065. Let q = y - 2383. List the prime factors of q.
3, 139
Suppose 91 = 5*v + 4*u, 4*u + 9 + 5 = 2*v. Let f(m) be the third derivative of m**5/60 - 13*m**4/24 + m**3/3 + 4*m**2 - m. What are the prime factors of f(v)?
2
Suppose -42*i + 9*i = -2227917 + 654312. What are the prime factors of i?
3, 5, 11, 17
Suppose 0 = -c - 0*c - 2*c. Suppose c = 2*u - 13*u. Suppose 0 = -4*r + 4*v + 4, u*v + 13 = 3*r - v. What are the prime factors of r?
2, 3
Let u(y) = y**2 - y - 53. Let j be u(0). Let i = j + 49. Let o(v) = 10*v**2 + v - 5. What are the prime factors of o(i)?
151
Let y = 5954 + -4039. Let t = 3227 - y. List the prime factors of t.
2, 41
Suppose 0 = 10*x + x - 2519. Let g = 182 + x. What are the prime factors of g?
3, 137
Let n(h) be the first derivative of -4*h**2 + 339*h + 21. List the prime factors of n(0).
3, 113
Let s = -77 + 81. Let r(c) = -c**3 + 5*c**2 - 4*c + 5. Let a be r(s). What are the prime factors of 10*1/a*96?
2, 3
Suppose 474*q - 9430 = 479*q. Let c = q + 3712. List the prime factors of c.
2, 11, 83
Suppose -8 = -p - 7. Let v(s) = 285*s**2. Let x be v(p). Suppose 8*b = 3*b + x. List the prime factors of b.
3, 19
Let h = 244 + 259. What are the prime factors of h?
503
List the prime factors of (-25657)/(-2) + -3 - (-9)/(-18).
3, 5, 19
Suppose 606493 - 88466 = 29*n. List the prime factors of n.
17863
Let d = 4331 + 23389. What are the prime factors of d?
2, 3, 5, 7, 11
Let j be 72/15 - 14/(-70). Suppose 0 = -3*v + j*l + 646, 0 = 3*v - 4*l + 5*l - 616. What are the prime factors of v?
3, 23
List the prime factors of ((-11612)/(-3))/((-600)/45 - -14).
2, 2903
Let h = -17 - -12. Suppose -2*m = -5*m + 36. Let v = m + h. What are the prime factors of v?
7
Suppose 21*a - 24*a = -3*s + 2070, -3*s = 5*a - 2086. Suppose 5*m - j - 2532 = -s, 3*m - 1104 = -j. What are the prime factors of m?
2, 23
Let n be 2 + 18 - (0 - (-3 - -2)). Let z(a) = -11*a - n*a + a - 13 + 11. What are the prime factors of z(-1)?
3
Let c(w) = 564*w**2 + 135*w - 801. What are the prime factors of c(6)?
3, 37, 61
Let o be -50 - 7*(-4 + 5). List the prime factors of o*126/(2 - 8).
3, 7, 19
Let r(s) = s**3 + 15*s**2 + 9*s + 19. Let n be 4/(-6) - 80/6. Let w be r(n). Suppose -2*d = 5*g - w, -3*d + 134 - 11 = 4*g. What are the prime factors of d?
37
Let r = -74 + 78. Let a be (4 - 12)/r*(-212 + -2). Suppose -197 - a = -5*i. List the prime factors of i.
5
Let x(r) = -r**3 + 15*r**2 + 14*r + 37. Let k be 8*((-4)/(-10))/(1/5). Let l be x(k). Suppose -4*h + 2*o + 104 = 14, l*h = o + 108. List the prime factors of h.
3, 7
Let t(b) = 42*b + 17*b + 53*b + 21*b - 27*b + 257. List the prime factors of t(7).
3, 37
Suppose -5*t + 8*t = -9. Let f be 17/2 + ((-20)/8 - t). Suppose f*u + 436 = 11*u. What are the prime factors of u?
2, 109
Suppose 8*w - 10*w + 15474 = 0. Suppose 0 = 6*y + w + 24999. What are the prime factors of (-9)/(-15) + y/(-40)?
137
Let l be (-6)/((-62)/72 + (-39)/(-52)). What are the prime factors of 135 + (l/36)/(6/16)?
139
List the prime factors of 22/(-21 + 244769/11655).
3, 5, 11, 37
Suppose -r - 3*t = -6, 3*r - t = -0 - 2. Suppose r = -3*d + 1989 + 3. List the prime factors of d.
2, 83
Let u(y) be the second derivative of -y**4/12 - y**3/6 + 3*y**2/2 + 14*y. Let c be u(-3). Let a(o) = o**2 - 2*o - 12. What are the prime factors of a(c)?
3
Let a = 1128 + 447. What are the prime factors of a?
3, 5, 7
Let m(u) = 50*u**3 - 15*u**2 + 9*u - 46. Let b be m(6). Suppose -b + 2348 = -20*j. List the prime factors of j.
2, 3, 11
Let q(f) = 13*f**2 - 48*f + 2047. List the prime factors of q(26).
9587
Let z(a) = 568*a + 2861. What are the prime factors of z(-5)?
3, 7
Suppose -22*g = -19*g - 6. Suppose 5*s - 505 = 5*t, -g*t + 7*t - 20 = 0. What are the prime factors of s?
3, 5, 7
Suppose 1448*m = 1331*m + 2751372. List the prime factors of m.
2, 5879
Suppose -121 = -3*a + 125. Let l = a - -206. List the prime factors of l.
2, 3
Suppose -6*y = 5*s - 7*y - 3695, -1491 = -2*s + 3*y. Let k = -399 + s. List the prime factors of k.
3, 113
Let g(x) = -1574*x + 2637. List the prime factors of g(-10).
17, 23, 47
Let g(m) = 9*m**2 - 70*m + 1179. List the prime factors of g(-46).
7, 17, 197
Suppose -38*z = -22*z + 3536. Let s = z - -309. What are the prime factors of s?
2, 11
Suppose -73304 = 21499*a - 21507*a. What are the prime factors of a?
7, 11, 17
Let x(t) = -198*t - 145. Let s be x(-6). Suppose 3*a - j = 1537, a + a = -3*j + s. Lis